{"id":68,"date":"2026-04-30T23:12:28","date_gmt":"2026-04-30T23:12:28","guid":{"rendered":"https:\/\/wordpress.clinicamolaris.pt\/?page_id=68"},"modified":"2026-04-30T23:12:28","modified_gmt":"2026-04-30T23:12:28","slug":"como-chegar","status":"publish","type":"page","link":"https:\/\/wordpress.clinicamolaris.pt\/?page_id=68","title":{"rendered":"Como Chegar"},"content":{"rendered":"\n<div class=\"wp-block-gmap-gmap-block gmap-block-zjpdx8vz\"><iframe src=\"https:\/\/maps.google.com\/maps?q=Rua+Actriz+Palmira+Bastos+12B%2C+Escrit%C3%B3rio+B%2C+1950-005+Lisboa&amp;z=10&amp;t=roadmap&amp;output=embed\" class=\"embd-map\" title=\"Rua Actriz Palmira Bastos 12B, Escrit\u00f3rio B, 1950-005 Lisboa\"><\/iframe><\/div>\n\n\n\n\n\n\n<div class=\"wp-block-group is-nowrap is-layout-flex wp-container-core-group-is-layout-6c531013 wp-block-group-is-layout-flex\">\n\n\n<br><strong>Rua Actriz Palmira Bastos&nbsp;12B, Escrit\u00f3rio B,&nbsp;<\/strong><br><strong>1950-005 Lisboa<\/strong>\n<\/div>\n\n\n\n\n\n<div class=\"wp-block-group is-nowrap is-layout-flex wp-container-core-group-is-layout-6c531013 wp-block-group-is-layout-flex\">\n\n\n<br><strong>Ter\u00e7a a S\u00e1bado &#8211; 10:30h \u00e0s 19:30<\/strong><br><br>\n<\/div>\n\n\n\n\n\n\n\n\n\n<strong>Metro de Chelas &#8211; Linha vermelha<\/strong>\n\n\n\n\n\n\n\n\n\n\n\n\n\n\n\n\n<div class=\"wp-block-group is-nowrap is-layout-flex wp-container-core-group-is-layout-6c531013 wp-block-group-is-layout-flex\">\n\n\n<strong>+351 925 151 024<\/strong><br><strong>+351 218 380 980<\/strong>\n<\/div>\n\n\n\n\n\n<div class=\"wp-block-group is-nowrap is-layout-flex wp-container-core-group-is-layout-6c531013 wp-block-group-is-layout-flex\">\n\n\n<a href=\"mailto:clinicamolaris@gmail.com\">clinicamolaris@gmail.com<\/a>\n<\/div>\n\n\n\n\n\n\n\n\n\n<p><\/p>\n","protected":false},"excerpt":{"rendered":"","protected":false},"author":1,"featured_media":0,"parent":0,"menu_order":0,"comment_status":"closed","ping_status":"closed","template":"","meta":{"pagelayer_contact_templates":[],"_pagelayer_content":"","footnotes":""},"class_list":["post-68","page","type-page","status-publish","hentry"],"_links":{"self":[{"href":"https:\/\/wordpress.clinicamolaris.pt\/index.php?rest_route=\/wp\/v2\/pages\/68","targetHints":{"allow":["GET"]}}],"collection":[{"href":"https:\/\/wordpress.clinicamolaris.pt\/index.php?rest_route=\/wp\/v2\/pages"}],"about":[{"href":"https:\/\/wordpress.clinicamolaris.pt\/index.php?rest_route=\/wp\/v2\/types\/page"}],"author":[{"embeddable":true,"href":"https:\/\/wordpress.clinicamolaris.pt\/index.php?rest_route=\/wp\/v2\/users\/1"}],"replies":[{"embeddable":true,"href":"https:\/\/wordpress.clinicamolaris.pt\/index.php?rest_route=%2Fwp%2Fv2%2Fcomments&post=68"}],"version-history":[{"count":2,"href":"https:\/\/wordpress.clinicamolaris.pt\/index.php?rest_route=\/wp\/v2\/pages\/68\/revisions"}],"predecessor-version":[{"id":71,"href":"https:\/\/wordpress.clinicamolaris.pt\/index.php?rest_route=\/wp\/v2\/pages\/68\/revisions\/71"}],"wp:attachment":[{"href":"https:\/\/wordpress.clinicamolaris.pt\/index.php?rest_route=%2Fwp%2Fv2%2Fmedia&parent=68"}],"curies":[{"name":"wp","href":"https:\/\/api.w.org\/{rel}","templated":true}]}}