{"id":58,"date":"2026-04-30T22:57:13","date_gmt":"2026-04-30T22:57:13","guid":{"rendered":"https:\/\/wordpress.clinicamolaris.pt\/?page_id=58"},"modified":"2026-04-30T23:11:58","modified_gmt":"2026-04-30T23:11:58","slug":"testemunhos","status":"publish","type":"page","link":"https:\/\/wordpress.clinicamolaris.pt\/?page_id=58","title":{"rendered":"Testemunhos"},"content":{"rendered":"\n<div class=\"wp-block-group has-border-color has-global-padding is-layout-constrained wp-block-group-is-layout-constrained\" style=\"border-color:#04ab04;border-width:5px;border-top-left-radius:20px;border-top-right-radius:20px;border-bottom-left-radius:20px;border-bottom-right-radius:20px\">\n\n\n<p>Lorem Ipsum has been the industry&#8217;s standard dummy text ever since the 1500s.<\/p>\n\n\n\n\n\n<strong>Manuela Murargi<\/strong>\n\n\n\n\n\n\n\n&#8220;<em>Na Molaris encontro sempre &#8211; amabilidade, serenidade, comunica\u00e7\u00e3o, compet\u00eancia, numa palavra, profissionalismo!&#8221;<\/em>\n\n\n<\/div>\n\n\n\n<div class=\"wp-block-group has-border-color has-global-padding is-layout-constrained wp-block-group-is-layout-constrained\" style=\"border-color:#20ce88;border-width:5px;border-top-left-radius:20px;border-top-right-radius:20px;border-bottom-left-radius:20px;border-bottom-right-radius:20px;margin-top:5%;margin-bottom:5%\">\n\n\n<p>Lorem Ipsum has been the industry&#8217;s standard dummy text ever since the 1500s.<\/p>\n\n\n\n\n\n<strong><strong>S\u00f3nia Saramago<\/strong><\/strong>\n\n\n\n\n\n\n\n&#8220;<em>Conheci a cl\u00ednica Molaris h\u00e1 16 anos, na sequ\u00eancia de um longo tratamento dent\u00e1rio e est\u00e9tico com coloca\u00e7\u00e3o de 14 coroas. Este tratamento teve um resultado fant\u00e1stico, gra\u00e7as ao grande profissionalismo, dedica\u00e7\u00e3o e persist\u00eancia da Dr\u00aa Carla.<br>Desde ent\u00e3o, \u00e9 impens\u00e1vel escolher outra cl\u00ednica. Aqui, passou a ser muito mais que uma ida ao dentista, aqui sinto-me muito bem, sou muito bem recebida sempre com muita simpatia e carinho.<br>Sempre dispon\u00edveis para resolver qualquer situa\u00e7\u00e3o.<br>Eu confio 100% e por isso recomendo sem qualquer duvida.&#8221;<\/em>\n\n\n<\/div>\n\n\n\n<div class=\"wp-block-group has-border-color has-global-padding is-layout-constrained wp-block-group-is-layout-constrained\" style=\"border-color:#20ce88;border-width:5px;border-top-left-radius:20px;border-top-right-radius:20px;border-bottom-left-radius:20px;border-bottom-right-radius:20px;margin-top:5%;margin-bottom:5%\">\n\n\n<p>Lorem Ipsum has been the industry&#8217;s standard dummy text ever since the 1500s.<\/p>\n\n\n\n\n\n<strong>Pedro Vilela<\/strong>\n\n\n\n\n\n\n\n&#8220;<em>Excelentes profissionais a prestarem um excelente servi\u00e7o. Os meus dentes agradecem. A Dr\u00aa Carla \u00e9 \u00f3ptima dentista, dedicada e sempre dispon\u00edvel para ajudar . S\u00f3 posso agradecer&#8221;<\/em>\n\n\n<\/div>\n\n\n\n<div class=\"wp-block-group has-border-color has-global-padding is-layout-constrained wp-block-group-is-layout-constrained\" style=\"border-color:#20ce88;border-width:5px;border-top-left-radius:20px;border-top-right-radius:20px;border-bottom-left-radius:20px;border-bottom-right-radius:20px\">\n\n\n<p>Lorem Ipsum has been the industry&#8217;s standard dummy text ever since the 1500s.<\/p>\n\n\n\n\n\n<strong>Gabriela Aguiar<\/strong>\n\n\n\n\n\n\n\n&#8220;<em>Tenho um hist\u00f3rico de bom atendimento que me leva a recomendar esta cl\u00ednica. Quer a m\u00e9dica, quer a assistente s\u00e3o de uma afabilidade fant\u00e1stica!&#8221;<\/em>\n\n\n<\/div>\n\n\n\n<div class=\"wp-block-group has-border-color has-global-padding is-layout-constrained wp-block-group-is-layout-constrained\" style=\"border-color:#20ce88;border-width:5px;border-top-left-radius:20px;border-top-right-radius:20px;border-bottom-left-radius:20px;border-bottom-right-radius:20px;margin-top:5%;margin-bottom:5%\">\n\n\n<p>Lorem Ipsum has been the industry&#8217;s standard dummy text ever since the 1500s.<\/p>\n\n\n\n\n\n<strong>Raquel Vieira<\/strong>\n\n\n\n\n\n\n\n&#8220;<em>Recomendo&#8230; A Dra. Carla \u00e9 uma \u00f3tima dentista, muito profissional. Conseguiu resolver um problema com o meu filho. Foi fant\u00e1stica na forma como lidou com o problema. Sempre dispon\u00edvel para ajudar.&#8221;<\/em>\n\n\n<\/div>\n\n\n\n<div class=\"wp-block-group has-global-padding is-layout-constrained wp-block-group-is-layout-constrained\"><\/div>\n\n\n\n<p><\/p>\n","protected":false},"excerpt":{"rendered":"","protected":false},"author":1,"featured_media":0,"parent":0,"menu_order":0,"comment_status":"closed","ping_status":"closed","template":"","meta":{"pagelayer_contact_templates":[],"_pagelayer_content":"","footnotes":""},"class_list":["post-58","page","type-page","status-publish","hentry"],"_links":{"self":[{"href":"https:\/\/wordpress.clinicamolaris.pt\/index.php?rest_route=\/wp\/v2\/pages\/58","targetHints":{"allow":["GET"]}}],"collection":[{"href":"https:\/\/wordpress.clinicamolaris.pt\/index.php?rest_route=\/wp\/v2\/pages"}],"about":[{"href":"https:\/\/wordpress.clinicamolaris.pt\/index.php?rest_route=\/wp\/v2\/types\/page"}],"author":[{"embeddable":true,"href":"https:\/\/wordpress.clinicamolaris.pt\/index.php?rest_route=\/wp\/v2\/users\/1"}],"replies":[{"embeddable":true,"href":"https:\/\/wordpress.clinicamolaris.pt\/index.php?rest_route=%2Fwp%2Fv2%2Fcomments&post=58"}],"version-history":[{"count":1,"href":"https:\/\/wordpress.clinicamolaris.pt\/index.php?rest_route=\/wp\/v2\/pages\/58\/revisions"}],"predecessor-version":[{"id":64,"href":"https:\/\/wordpress.clinicamolaris.pt\/index.php?rest_route=\/wp\/v2\/pages\/58\/revisions\/64"}],"wp:attachment":[{"href":"https:\/\/wordpress.clinicamolaris.pt\/index.php?rest_route=%2Fwp%2Fv2%2Fmedia&parent=58"}],"curies":[{"name":"wp","href":"https:\/\/api.w.org\/{rel}","templated":true}]}}

<div class="wp-block-group has-border-color has-global-padding is-layout-constrained wp-block-group-is-layout-constrained" style="border-color:#04ab04;border-width:5px;border-top-left-radius:20px;border-top-right-radius:20px;border-bottom-left-radius:20px;border-bottom-right-radius:20px">


<p>Lorem Ipsum has been the industry&#8217;s standard dummy text ever since the 1500s.</p>





<strong>Manuela Murargi</strong>







&#8220;<em>Na Molaris encontro sempre &#8211; amabilidade, serenidade, comunicação, competência, numa palavra, profissionalismo!&#8221;</em>


</div>



<div class="wp-block-group has-border-color has-global-padding is-layout-constrained wp-block-group-is-layout-constrained" style="border-color:#20ce88;border-width:5px;border-top-left-radius:20px;border-top-right-radius:20px;border-bottom-left-radius:20px;border-bottom-right-radius:20px;margin-top:5%;margin-bottom:5%">


<p>Lorem Ipsum has been the industry&#8217;s standard dummy text ever since the 1500s.</p>





<strong><strong>Sónia Saramago</strong></strong>







&#8220;<em>Conheci a clínica Molaris há 16 anos, na sequência de um longo tratamento dentário e estético com colocação de 14 coroas. Este tratamento teve um resultado fantástico, graças ao grande profissionalismo, dedicação e persistência da Drª Carla.<br>Desde então, é impensável escolher outra clínica. Aqui, passou a ser muito mais que uma ida ao dentista, aqui sinto-me muito bem, sou muito bem recebida sempre com muita simpatia e carinho.<br>Sempre disponíveis para resolver qualquer situação.<br>Eu confio 100% e por isso recomendo sem qualquer duvida.&#8221;</em>


</div>



<div class="wp-block-group has-border-color has-global-padding is-layout-constrained wp-block-group-is-layout-constrained" style="border-color:#20ce88;border-width:5px;border-top-left-radius:20px;border-top-right-radius:20px;border-bottom-left-radius:20px;border-bottom-right-radius:20px;margin-top:5%;margin-bottom:5%">


<p>Lorem Ipsum has been the industry&#8217;s standard dummy text ever since the 1500s.</p>





<strong>Pedro Vilela</strong>







&#8220;<em>Excelentes profissionais a prestarem um excelente serviço. Os meus dentes agradecem. A Drª Carla é óptima dentista, dedicada e sempre disponível para ajudar . Só posso agradecer&#8221;</em>


</div>



<div class="wp-block-group has-border-color has-global-padding is-layout-constrained wp-block-group-is-layout-constrained" style="border-color:#20ce88;border-width:5px;border-top-left-radius:20px;border-top-right-radius:20px;border-bottom-left-radius:20px;border-bottom-right-radius:20px">


<p>Lorem Ipsum has been the industry&#8217;s standard dummy text ever since the 1500s.</p>





<strong>Gabriela Aguiar</strong>







&#8220;<em>Tenho um histórico de bom atendimento que me leva a recomendar esta clínica. Quer a médica, quer a assistente são de uma afabilidade fantástica!&#8221;</em>


</div>



<div class="wp-block-group has-border-color has-global-padding is-layout-constrained wp-block-group-is-layout-constrained" style="border-color:#20ce88;border-width:5px;border-top-left-radius:20px;border-top-right-radius:20px;border-bottom-left-radius:20px;border-bottom-right-radius:20px;margin-top:5%;margin-bottom:5%">


<p>Lorem Ipsum has been the industry&#8217;s standard dummy text ever since the 1500s.</p>





<strong>Raquel Vieira</strong>







&#8220;<em>Recomendo&#8230; A Dra. Carla é uma ótima dentista, muito profissional. Conseguiu resolver um problema com o meu filho. Foi fantástica na forma como lidou com o problema. Sempre disponível para ajudar.&#8221;</em>


</div>



<div class="wp-block-group has-global-padding is-layout-constrained wp-block-group-is-layout-constrained"></div>



<p></p>
